08*c**2 + 12313*c + 124. Calculate r(-114).
10
Let a(g) = -492*g - 7883. Give a(-16).
-11
Let y(i) = -2*i**2 + 99*i - 407. Determine y(45).
-2
Let j(b) = -2*b**3 - 22*b**2 + 41*b + 203. Determine j(-12).
-1
Let d(u) = -2*u**3 + 229*u**2 - 185*u - 17400. Give d(113).
2
Let p(z) = -z**3 - 33*z**2 - 57*z + 420. Determine p(-31).
265
Let s(t) = -991*t - 13850. What is s(-14)?
24
Let d(m) = -3*m + 5. Determine d(9).
-22
Let b(g) = g**2 - 7*g + 3. What is b(4)?
-9
Let g(n) = -316*n + 22443. Give g(71).
7
Let r(y) = y**3 - 6*y**2 - 12*y - 67. Calculate r(0).
-67
Let n(u) = -u**2 + 10*u + 55. What is n(14)?
-1
Let y(k) = k**2 + 40*k - 678. Give y(-53).
11
Let k(s) = s**2 - 151*s - 626. What is k(-4)?
-6
Let a(p) = 16*p**2 - 4*p - 15. Calculate a(4).
225
Let d(x) = -27*x + 370. Calculate d(15).
-35
Let w(s) = 2*s**3 + 9*s**2 + 9*s - 12. Calculate w(-5).
-82
Let r(c) = -25*c + 257. Give r(9).
32
Let j(z) = -374*z - 754. What is j(-2)?
-6
Let a(h) = 47*h**2 - 2*h - 5. Calculate a(3).
412
Let k(t) = -2*t**3 + 90*t**2 + 86*t + 266. Calculate k(46).
-10
Let o(x) = 2*x**3 + 59*x**2 + 97*x + 8216. Calculate o(-32).
-8
Let j(c) = -8*c**3 + c**2 - 6*c + 4. Determine j(2).
-68
Let y(o) = -3*o**2 + 2*o - 6. Give y(-3).
-39
Let s(x) = 194*x + 10474. Determine s(-54).
-2
Let o(c) = 139*c**2 - 281*c - 12. Determine o(2).
-18
Let h(j) = -6*j + 273. Determine h(36).
57
Let k(v) = -v**3 - 95*v**2 + 716*v + 40. Determine k(-102).
-164
Let h(d) = -1204*d + 10676. What is h(9)?
-160
Let z(n) = 147*n - 679. What is z(9)?
644
Let o(r) = 565*r - 4584. What is o(8)?
-64
Let u(m) = -2*m**3 - 36*m**2 + 66*m - 108. Calculate u(-20).
172
Let y(v) = 2*v**3 + 27*v**2 + 24*v + 142. Determine y(-13).
-1
Let p(n) = -2*n**3 - 63*n**2 + 197*n + 924. What is p(-34)?
6
Let r(n) = 105*n - 5. Calculate r(0).
-5
Let g(s) = s**3 + 36*s**2 - 83*s - 262. Give g(-38).
4
Let s(i) = -27*i**3 + 4*i**2 - 9*i + 8. Determine s(2).
-210
Let c(o) = 3*o**2 - 397*o + 1660. Determine c(128).
-4
Let p(x) = 80*x + 5089. What is p(-66)?
-191
Let p(d) = 21*d**3 + 12*d**2 + 5*d - 7. Give p(-1).
-21
Let j(n) = -n**3 - 7*n**2 + 139*n + 608. Give j(-4).
4
Let r(w) = w**2 + 226*w - 1603. Calculate r(7).
28
Let m(r) = -r**3 - 16*r**2 - 12*r - 490. What is m(-17)?
3
Let q(i) = 2*i**2 + 45*i + 242. Give q(-20).
142
Let y(o) = 1228*o - 12283. What is y(10)?
-3
Let u(c) = -2*c**2 - 24*c + 100. Give u(0).
100
Let m(c) = 432*c + 446. Determine m(-1).
14
Let n(g) = -56*g**3 - 61*g**2 - 84*g - 22. Calculate n(-1).
57
Let q(o) = 99*o - 500. Calculate q(5).
-5
Let a(o) = 20*o - 300. Calculate a(15).
0
Let l(c) = -377*c - 759. Calculate l(-2).
-5
Let j(i) = 281*i**2 + 825*i - 9. Give j(-3).
45
Let r(c) = -c**3 - 24*c**2 - 62*c + 4. Calculate r(-21).
-17
Let i(j) = -41401*j - 289810. What is i(-7)?
-3
Let s(g) = g**3 + 19*g**2 - 60*g + 10. Calculate s(-22).
-122
Let h(s) = -s**2 - 55*s - 491. Calculate h(-14).
83
Let k(u) = u**2 + 32*u + 310. Calculate k(-19).
63
Let b(j) = -j**3 + 53*j**2 + 287*j + 184. What is b(58)?
10
Let h(q) = 5*q**3 + 3*q**2 + q + 20. What is h(4)?
392
Let a(h) = -14*h**2 - 127*h + 4. Determine a(-9).
13
Let c(p) = -p**2 - 36*p + 45. Calculate c(-40).
-115
Let v(q) = -q**2 + 37*q + 4475. Give v(-51).
-13
Let k(n) = -n**3 - 18*n**2 + 13*n + 55. Calculate k(-19).
169
Let t(b) = -6*b**2 - 39*b + 17. What is t(-7)?
-4
Let n(f) = -34*f**3 + 3*f**2 + 3*f - 4. Calculate n(-2).
274
Let r(p) = -p**3 + 7*p**2 + 95*p - 672. Determine r(7).
-7
Let h(b) = -9*b**2 - 41*b - 9. Calculate h(-5).
-29
Let j(y) = y**2 - 1414*y + 181759. Determine j(143).
6
Let p(m) = -443*m - 15503. Give p(-35).
2
Let k(h) = -h**3 - 67*h**2 - 61*h + 329. Calculate k(-66).
-1
Let c(i) = i**3 - 15*i**2 + 8*i - 28. What is c(15)?
92
Let q(v) = -v**2 - 23*v + 55. Give q(-27).
-53
Let h(p) = 59*p + 3535. Calculate h(-60).
-5
Let f(x) = -5*x - 68. Calculate f(-9).
-23
Let d(l) = -l**3 + 129*l**2 - 386*l + 1023. Calculate d(126).
15
Let a(q) = q**2 - 1904*q + 26464. Calculate a(14).
4
Let y(o) = -o**3 + 2*o**2 + 6*o + 34. Give y(7).
-169
Let k(i) = 2*i + 58. Calculate k(-25).
8
Let o(c) = -380*c - 55452. Determine o(-146).
28
Let f(a) = 266*a**2 + 271*a. Give f(-1).
-5
Let x(o) = 6*o**3 - 168*o**2 + 5*o - 138. Calculate x(28).
2
Let d(n) = -3*n**2 - 20*n + 124. What is d(7)?
-163
Let i(s) = -s**3 + 20*s**2 - 32*s - 7. Give i(2).
1
Let k(s) = 32*s - 156. Give k(0).
-156
Let x(t) = -5*t**2 + 60*t + 327. Determine x(22).
-773
Let y(a) = 31*a**3 - a**2 + 8*a - 7. What is y(1)?
31
Let t(q) = q**2 - 745*q - 132164. Calculate t(-148).
0
Let l(m) = -m**3 - 13*m**2 - 41*m + 9. Give l(-6).
3
Let q(g) = -196*g + 5516. What is q(29)?
-168
Let j(d) = 285*d**2 + 2291*d + 83. Give j(-8).
-5
Let d(h) = -2*h**2 - 448*h - 1743. Determine d(-220).
17
Let o(b) = 3*b**2 + 26*b - 36. Determine o(-9).
-27
Let v(w) = -w**2 - 49*w - 403. Give v(-7).
-109
Let q(w) = w**3 + 151*w**2 + 442*w - 359. Determine q(-148).
-63
Let p(f) = -f**3 - 31*f**2 - 92*f - 229. What is p(-28)?
-5
Let t(s) = 1130*s + 19212. Calculate t(-17).
2
Let s(j) = -j**2 - 1245*j - 9889. What is s(-8)?
7
Let p(j) = 4*j**2 + 10*j - 17. Determine p(-5).
33
Let x(u) = 679*u - 8170. What is x(12)?
-22
Let h(s) = -36*s**3 + 1. Determine h(-1).
37
Let t(v) = -3*v**2 - 57*v + 191. Give t(3).
-7
Let d(q) = 3*q**3 - 186*q**2 - 1011*q - 35. Determine d(-5).
-5
Let u(m) = -51*m**2 + 252*m + 12. Calculate u(5).
-3
Let k(z) = 9*z**2 - 203*z + 1152. Give k(12).
12
Let x(p) = p**3 - 51*p**2 + 97*p - 46. Calculate x(49).
-95
Let u(n) = 16*n + 170. Determine u(-5).
90
Let x(t) = -46*t + 314. Determine x(8).
-54
Let j(m) = -m**2 + 143*m + 903. Calculate j(-6).
9
Let c(m) = 5*m**2 - 256*m + 1344. Determine c(6).
-12
Let m(d) = -d**2 - 21*d + 68. Give m(-23).
22
Let v(d) = -18*d - 77. Calculate v(-2).
-41
Let a(k) = k**3 - 24*k**2 + 17*k + 31. Determine a(23).
-107
Let z(n) = 14*n**2 + 141*n + 13. What is z(-11)?
156
Let w(k) = -k**3 - 50*k**2 + 62*k + 576. Determine w(-51).
15
Let n(y) = y**2 + 208*y + 8590. Determine n(-151).
-17
Let n(a) = a**2 + 68*a + 581. Determine n(-10).
1
Let b(p) = -2*p**3 + 102*p**2 + 107*p - 104. Calculate b(52).
52
Let b(k) = 38*k + 96. Calculate b(-4).
-56
Let v(o) = -18*o**2 + 8*o - 22. Calculate v(3).
-160
Let a(b) = 2*b**2 + 442*b + 10479. Determine a(-194).
3
Let f(n) = 3*n**2 + 60*n - 468. Determine f(-26).
0
Let z(q) = 4*q**2 + 6*q - 232. Give z(7).
6
Let o(b) = 9162*b + 3. Determine o(0).
3
Let m(y) = -y**3 + 13*y**2 + 74*y + 8. Determine m(17).
110
Let p(n) = 11*n**2 - 129*n - 31. Determine p(12).
5
Let u(s) = 3*s**2 + 260*s + 421. What is u(-85)?
-4
Let j(y) = y**3 + 8*y**2 + 26*y + 276. What is j(-9)?
-39
Let g(q) = -q**3 + 6*q**2 + 13*q + 24. Give g(-3).
66
Let d(r) = 9*r**3 + 754*r**2 - 166*r + 76. What is d(-84)?
-92
Let x(d) = 11*d**2 + 67*d + 28. Calculate x(-8).
196
Let b(r) = 74*r + 1179. What is b(-16)?
-5
Let f(v) = 983*v - 996. Calculate f(1).
-13
Let z(s) = -s**3 + 50*s**2 - 26*s - 1103. Calculate z(49).
24
Let w(j) = -4*j**3 + 22*j**2 - 15*j + 79. Calculate w(6).
-83
Let l(b) = -85*b**2 + 1023*b - 36. Calculate l(12).
0
Let l(g) = -g**3 + 91*g**2 - 176*g - 182. Determine l(89).
-4
Let l(v) = 4*v + 79. Determine l(32).
207
Let k(j) = j**3 - 354*j**2 + 2442*j - 4506. Calculate k(347).
5
Let a(d) = 1581*d - 23717. Calculate a(15).
-2
Let t(m) = -3*m**3 - 190*m**2 + 136*m + 551. Calculate t(-64).
39
Let o(a) = a**3 - a**2 + 16*a - 689. What is o(0)?
-689
Let d(p) = -p**2 - 2772*p - 5546. What is d(-2)?
-6
Let c(o) = -13*o**3 + 285*o**2 + 18*o + 93. Determine c(22).
5
Let y(r) = r**3 + 8*r**2 + 14*r + 824. Give y(-12).
80
Let x(p) = p**2 - 510*p - 3089. Determine x(-6).
7
Let h(j) = j**3 + 4*j**2 - 10*j - 34. What is h(-6)?
-46
Let y(v) = 71*v + 1162. Determine y(-18).
-116
Let b(f) = -66*f - 1324. Determine b(-20).
-4
Let u(s) = -s**3 + 60*s + 23. Calculate u(8).
-9
Let y(j) = -j**3 - j**2 - 5*j + 37. Determine y(4).
-63
Let c(w) = w**3 - 551*w**2 - 3341*w + 4. Give c(-6).
-2
Let h(m) = 64*m - 77. What is h(-4)?
-333
Let z(w) = w**3 - 26*w**2 + 30*w - 776. What is z(26)?
4
Let i(p) = p**3 + 24*p**2 - 66*p - 59. Give i(-26).
305
Let d(n) = -n**3 - 58*n**2 + 49*n - 590. What is d(-59)?
0
Let z(d) = 6*d**2 + 327*d + 1805. What is z(-6)?
59
Let m(f) = 19*f**2 + 110*f - 14. 